.
5
Suppose -684 = -4*r + 4*t, 0 = r - 94*t + 90*t - 162. What is the remainder when 503 is divided by r?
155
Let u(v) = -3*v - 14. Suppose -r = 5*k + r + 43, 0 = 4*k - 2*r + 38. Let j = 66 + -15. Calculate the remainder when j is divided by u(k).
12
Suppose 2*f = 3*w - 41, -5*w - 8*f + 59 = -9*f. Suppose -l - 3*l + 32 = 0. What is the remainder when 16/(-6)*(-126)/l is divided by w?
9
Let r(z) = 3*z**3 - 23*z**2 - 37*z + 17. Suppose 0 = 4*w + w. Let i = 3 - w. What is the remainder when r(9) is divided by i?
2
Let v = -1924 - -2282. Calculate the remainder when v is divided by 23.
13
Suppose -79 = -3*g - 46. What is the remainder when (-3)/(-1)*g - (5 - 8) is divided by 13?
10
Let h = -109 + 175. What is the remainder when 202 is divided by h?
4
Let y(h) = -h**3 + 5*h**2 + 9*h - 3. Let l(u) be the first derivative of u**2/2 - 4*u - 4. Let j be l(10). Calculate the remainder when 58 is divided by y(j).
13
Let u = -29 + 33. Suppose 27 = h + u*f, 0 = h - 4*f + 6*f - 29. Suppose 0 = -2*r + 4*w + 22, -3*r + h = w - 6*w. What is the remainder when 9 is divided by r?
2
Let j(v) = -v**3 - 13*v**2 - 17*v. What is the remainder when 538 is divided by j(-12)?
58
Suppose -20*f + 35045 + 2155 = 0. What is the remainder when f is divided by 23?
20
Let m = -18 + 23. Let d(b) = 10*b + 9. What is the remainder when d(m) is divided by 12?
11
Let r = 98 - 86. Calculate the remainder when 46 is divided by r.
10
Let r = -839 - -1262. What is the remainder when r is divided by 5?
3
Let z(d) = -23*d + 89. What is the remainder when 231 is divided by z(3)?
11
Suppose -2*m + 15*j - 17*j = -18, 5*m + 4*j = 43. Calculate the remainder when 17 is divided by m.
3
Suppose 1341*u - 28 = 1337*u. What is the remainder when 368 is divided by u?
4
Let t = 1053 - 762. What is the remainder when t is divided by 281?
10
Suppose j = -y - 3*j + 30, 0 = 2*j + 8. What is the remainder when y is divided by 4/(-10) - 124/(-10)?
10
Let q(j) = -4*j + 2. Let a be q(6). What is the remainder when (-11)/a + (-41)/(-2) is divided by 11?
10
Let c = 1164 - 1141. Calculate the remainder when 187 is divided by c.
3
What is the remainder when 97 is divided by (-3)/4*-2 + (-12065)/(-254)?
48
Suppose -3*v + 23 = -19. Suppose 0 = -2*r + 3*r - 38. What is the remainder when r is divided by v?
10
Let j = -41 - -43. Suppose -43 - 9 = -j*z. Calculate the remainder when 101 is divided by z.
23
Let v = -12 + 16. Suppose -2*r + 253 = 3*b, v*b + r = 3*b + 83. What is the remainder when b is divided by 2/(-3)*264/(-8)?
21
Let j(h) = -3*h - 9. Let b be j(2). What is the remainder when 109*(24/20 - (-3)/b) is divided by 16?
13
Let h = 21 + -18. Suppose -2*p = -i - 40, h*i + 76 = 4*p + 2*i. Calculate the remainder when p is divided by 7.
4
Let b = 33 - 33. Suppose 2*n + 3*r = -2*n + 121, b = n - 4*r - 16. Calculate the remainder when n is divided by 16.
12
Suppose -4*j + 31 + 49 = 0. Let q(z) = 60*z + 1979. What is the remainder when q(-32) is divided by j?
19
Let a = -3 + 3. Suppose -s + 3*n + a = -14, 2*n + 15 = s. Suppose h = -3*h - 8, -5*h = -q + 58. What is the remainder when q is divided by s?
14
Suppose 5*f - 106 = 3*f - 4*c, 0 = -4*f - c + 191. Calculate the remainder when f is divided by 7.
5
Let z = -424 - -448. Suppose -t + 0*t = -5, -260 = -3*c + 5*t. What is the remainder when c is divided by z?
23
Let z(o) = o + 6. Let w be z(-2). Let j = 4 - -5. Let g = j - w. What is the remainder when 17 is divided by g?
2
Calculate the remainder when 12 is divided by (-21)/(-24)*40/5.
5
Suppose -2*a + 2*g - 150 = 0, 2*g + 87 = -2*a - 43. Let j = a - -80. Calculate the remainder when 2/5 + (-266)/(-10) is divided by j.
7
Let t(c) = c + 59. Calculate the remainder when t(0) is divided by 28.
3
Suppose 3*p - p = -2. Let z(l) = -7*l**3 + 2*l + 1. Let m = 325 - 314. What is the remainder when m is divided by z(p)?
5
Let h = -62 + 91. Suppose -6*o = -683 + 5. Calculate the remainder when o is divided by h.
26
Suppose 4*d - m - 8 = 0, 0 = -2*d + 2*m - 4*m + 14. Calculate the remainder when 22 is divided by (3 - (0 + 18))/(-1) - d.
10
Let s(h) = 12*h + 16. Let x be s(-5). Let p = 49 + x. Calculate the remainder when 6 is divided by p.
1
Let q = 1378 + -1346. Calculate the remainder when 122 is divided by q.
26
Let j(c) = 6*c + 1. Suppose -o - 9 = -32. Suppose 3*q - 2*q - o = 0. Calculate the remainder when q is divided by j(2).
10
Suppose 7*c - 4*c + 5*z = 37, z - 9 = -c. Suppose 6*g - 23 = 2*g - 5*w, 3*g - w - 3 = 0. What is the remainder when c is divided by g?
0
Suppose -5*g + 0*g - 5 = 0. Let n = g - 3. What is the remainder when 2799/33 - n/22 is divided by 22?
19
Suppose -4 - 2 = -2*h. Suppose h*j = 2*j + 92. Calculate the remainder when j is divided by 19.
16
Let z be (-1)/2*-4 - -2. Suppose -3*i - 22 = -z*i. Calculate the remainder when i is divided by (-57)/(-6) - (-77)/(-22).
4
Suppose 6*k - 129 = 3*o + 9*k, 5*k + 25 = 0. Let c be (0 + 2)/((-4)/26). Let r = c - o. What is the remainder when r is divided by 13?
12
Let v be -3*(8/(-24))/((-2)/8). Let l(f) = f**2 + 3*f + 13. What is the remainder when 64 is divided by l(v)?
13
Let g(v) = 4*v + 4. Let z be g(10). Let o = z - -44. What is the remainder when o is divided by 30?
28
Let r(s) = -s - 1. Let o be r(-3). Let a be o - (-4)/(2 + 2). Calculate the remainder when a/12 + 286/8 is divided by 13.
10
Let h(j) = 3*j + 4. Let i(o) = 3*o + 3. Let s(p) = -5*h(p) + 6*i(p). Let b be s(4). Let a = b - 6. Calculate the remainder when a is divided by 3.
1
Let s = -31 - -58. Let n = -43 - -59. What is the remainder when s is divided by n?
11
Let b = -24 - -44. Calculate the remainder when 93 is divided by b.
13
Let x = -26 - -28. Suppose -2 = -2*u + 3*w + 43, -2*w - 42 = -x*u. Suppose -6*r + 2*r = -204. Calculate the remainder when r is divided by u.
15
Suppose l - 100 = -g, l - 400 = -3*l + 3*g. Let d = l + -64. Let p = -6 + 16. What is the remainder when d is divided by p?
6
Suppose -35 = 3*o + 19. What is the remainder when (o/36)/((-1)/14) is divided by 5?
2
Let x(f) = f + 8 + 2*f - 3 - f. What is the remainder when x(15) is divided by 19?
16
Let w(m) = -2*m**3 - 7*m**2 + 15*m + 13. Let b(r) = 2*r**2 + 9*r - 4. Calculate the remainder when w(-6) is divided by b(-8).
51
Let s be -3*4/(-72)*6. What is the remainder when (524/12)/(s/6*2) is divided by 33?
32
Let d be 4496/44 + 1 + (-4)/22. Let k = 128 - d. Calculate the remainder when 71 is divided by k.
21
Suppose 2*m + 0*j = -5*j + 203, 0 = m - 3*j - 74. Calculate the remainder when m is divided by 15.
14
Suppose -6*a - a + 28 = 0. What is the remainder when 208 is divided by a?
0
Let x = -24 - -27. Suppose -76 = -4*s + 4*p, 0*s = 5*s + x*p - 103. Suppose -v - 4*r + 26 + 1 = 0, v + 3*r = 22. What is the remainder when s is divided by v?
6
Suppose -4*x = -x - 15. Suppose -x*j = -2*n + 17 + 16, n - j = 18. Calculate the remainder when 74 is divided by n.
17
Suppose u + 6 = 4, -5*u + 195 = 5*k. Let o be 17 - 2/2 - (4 + -1). Let m = o + 1. Calculate the remainder when k is divided by m.
13
Let r(l) = -6*l**2 + 53*l - 3. What is the remainder when 813 is divided by r(3)?
99
Calculate the remainder when 31*5*(-7)/(-35) is divided by (-131)/(-8) - 27/72.
15
Let c = 53 - -1493. Calculate the remainder when c is divided by 36.
34
Let i(c) = c**2 - 21*c + 103. Calculate the remainder when 149 is divided by i(5).
11
Let o be (-155)/9 - (-3 - 100/(-36)). Let k = -13 - o. What is the remainder when 27 is divided by k?
3
Let s be -8 + -2 + (-4 - -5). What is the remainder when (14/3)/(1/(s/(-2))) is divided by 13?
8
Let h = 224 + -192. Calculate the remainder when 191 is divided by h.
31
What is the remainder when 640 is divided by -28*(5/15)/(2/(-6))?
24
Let s be 54/15 + (-6)/(-15). Suppose -5*z = s*c - 6*c + 11, -c + 1 = 2*z. Calculate the remainder when 4 is divided by c.
1
Let c be (-1)/5 + -668*3/(-20). Suppose 2*o - 4*x = c, -5*x = 3*o + 40 - 245. Calculate the remainder when o is divided by 11.
5
Suppose 2 = n - 10. What is the remainder when 15344/336 + 4/3 is divided by n?
11
Suppose -b = 4*z + 15, 2*z = b - 2*z - 25. Suppose -3*w = -0*w - 4*d - 60, -5*d + 100 = b*w. What is the remainder when w is divided by 8?
4
Suppose 3*p + 4 = i, 2*i = 3*i + 2*p - 24. Let z = -7 + i. Suppose 3*x - 3*v + 3 = 0, x + 7 = 6*x - 2*v. 